9?
11, 842953609
List the prime factors of 498318851.
23, 21666037
What are the prime factors of 450700921?
11, 1013, 3677
List the prime factors of 4837669894.
2, 113, 21405619
What are the prime factors of 6404383737?
3, 53, 2753, 4877
What are the prime factors of 8558396?
2, 7, 11, 37, 751
List the prime factors of 5888101.
71, 127, 653
What are the prime factors of 7983789685?
5, 2683, 595139
What are the prime factors of 19670203?
7, 2810029
What are the prime factors of 2805571073?
23, 5303537
List the prime factors of 242810560.
2, 5, 758783
List the prime factors of 334167247.
334167247
List the prime factors of 80717178.
2, 3, 67, 200789
List the prime factors of 37225956.
2, 3, 157, 19759
List the prime factors of 288911827.
12799, 22573
What are the prime factors of 23276515?
5, 37, 47, 2677
What are the prime factors of 195086564?
2, 151, 173, 1867
What are the prime factors of 45918357?
3, 15306119
List the prime factors of 22632698.
2, 11, 709, 1451
List the prime factors of 2253591524.
2, 8599, 65519
What are the prime factors of 38996343?
3, 1444309
List the prime factors of 124653989.
179, 373, 1867
List the prime factors of 6957855065.
5, 7, 198795859
List the prime factors of 249456521.
17, 29, 311, 1627
List the prime factors of 1662090674.
2, 831045337
What are the prime factors of 302145289?
1627, 185707
What are the prime factors of 7315377?
3, 2438459
What are the prime factors of 1690086466?
2, 433, 1951601
What are the prime factors of 4167504?
2, 3, 11, 877
What are the prime factors of 141339028?
2, 35334757
What are the prime factors of 28878467?
28878467
What are the prime factors of 1288550062?
2, 2273, 283447
What are the prime factors of 97674816?
2, 3, 163, 3121
What are the prime factors of 159904623?
3, 239, 223019
List the prime factors of 24593441.
17, 1446673
List the prime factors of 101916838.
2, 50958419
What are the prime factors of 732261565?
5, 7, 1289, 16231
What are the prime factors of 32933873?
7, 31, 151769
List the prime factors of 3664867485.
3, 5, 157, 233, 6679
List the prime factors of 997127007.
3, 12743, 26083
What are the prime factors of 374067602?
2, 187033801
What are the prime factors of 34268278?
2, 11, 1557649
What are the prime factors of 10667778?
2, 3, 11, 19, 47, 181
What are the prime factors of 30798226?
2, 331, 46523
List the prime factors of 85612751.
7, 101, 17299
List the prime factors of 2125717800.
2, 3, 5, 3542863
List the prime factors of 47105552.
2, 13, 53, 4273
What are the prime factors of 655920461?
7, 8677, 10799
What are the prime factors of 204067526?
2, 13, 787, 9973
What are the prime factors of 1692237856?
2, 71, 744823
List the prime factors of 826190925.
3, 5, 7, 271, 5807
What are the prime factors of 3913077087?
3, 1303, 111227
What are the prime factors of 30148409?
103, 292703
What are the prime factors of 545704093?
11, 49609463
List the prime factors of 52180151.
52180151
List the prime factors of 630724166.
2, 229, 1377127
What are the prime factors of 50024855?
5, 29, 31, 359
What are the prime factors of 373193952?
2, 3, 23, 169019
What are the prime factors of 422876717?
17, 24875101
What are the prime factors of 2681535?
3, 5, 53, 3373
List the prime factors of 71574526.
2, 223, 160481
List the prime factors of 141850357.
11, 1172317
What are the prime factors of 129476129?
129476129
What are the prime factors of 124053494?
2, 97, 639451
What are the prime factors of 188775004?
2, 11, 17, 22943
List the prime factors of 62217361.
62217361
What are the prime factors of 55851342?
2, 3, 9308557
What are the prime factors of 1073385042?
2, 3, 103, 683, 2543
List the prime factors of 843710978.
2, 11, 23, 29, 5227
List the prime factors of 3515327718.
2, 3, 7, 71, 83, 2029
What are the prime factors of 8208933333?
3, 2736311111
List the prime factors of 81287738.
2, 7, 19, 305593
What are the prime factors of 47591159?
7, 11, 167, 3701
List the prime factors of 300296145.
3, 5, 53, 7127
What are the prime factors of 72327546?
2, 3, 1339399
List the prime factors of 800887215.
3, 5, 1549, 34469
What are the prime factors of 21832118?
2, 7, 11, 141767
List the prime factors of 369325685.
5, 73865137
What are the prime factors of 106299295?
5, 131, 162289
List the prime factors of 3365783094.
2, 3, 29, 821, 23561
What are the prime factors of 5066025445?
5, 13, 77938853
List the prime factors of 1474226853.
3, 11, 19, 37, 53, 109
What are the prime factors of 886859330?
2, 5, 7, 1809917
What are the prime factors of 1092665269?
293, 3729233
List the prime factors of 1364288030.
2, 5, 7, 601, 32429
List the prime factors of 2618311899.
3, 7, 17, 7334207
What are the prime factors of 1318368633?
3, 439456211
List the prime factors of 9843723.
3, 1093747
List the prime factors of 77559360.
2, 3, 5, 173, 467
What are the prime factors of 343116516?
2, 3, 19, 29, 51893
What are the prime factors of 1428720314?
2, 7, 19, 282691
What are the prime factors of 80220075?
3, 5, 13, 6329
List the prime factors of 11828982.
2, 3, 11, 19, 9433
List the prime factors of 98747680.
2, 5, 41, 15053
What are the prime factors of 39316820?
2, 5, 181, 10861
What are the prime factors of 136886507?
19, 379187
List the prime factors of 21809954.
2, 10904977
What are the prime factors of 240769804?
2, 11, 37, 71, 2083
List the prime factors of 3567015288.
2, 3, 2503, 19793
List the prime factors of 256232009.
11, 499, 46681
What are the prime factors of 1703980315?
5, 11321, 30103
List the prime factors of 2872947893.
4729, 607517
List the prime factors of 31546466.
2, 7, 41, 54959
List the prime factors of 6694855.
5, 17, 79, 997
List the prime factors of 14565656.
2, 7, 29, 8969
What are the prime factors of 28262338?
2, 13, 107, 10159
List the prime factors of 486638786.
2, 4139, 58787
List the prime factors of 5416542.
2, 3, 113, 2663
What are the prime factors of 1084688101?
7, 154955443
List the prime factors of 617570782.
2, 41, 7531351
What are the prime factors of 2423910?
2, 3, 5, 43, 1879
List the prime factors of 1145385029.
103, 11120243
List the prime factors of 365592353.
7, 227, 230077
List the prime factors of 735275119.
735275119
What are the prime factors of 56422977?
3, 13, 1063, 1361
What are the prime factors of 6567798?
2, 3, 1094633
List the prime factors of 4457581861.
23, 193807907
What are the prime factors of 297005692?
2, 157, 472939
What are the prime factors of 140267562?
2, 3, 1979, 11813
List the prime factors of 944174324.
2, 236043581
What are the prime factors of 2221965507?
3, 19, 1303, 29917
List the prime factors of 2058258994.
2, 11, 93557227
What are the prime factors of 36851353?
7, 11, 478589
List the prime factors of 3263522.
2, 1631761
What are the prime factors of 58376945?
5, 11, 239, 4441
What are the prime factors of 357851111?
19, 89, 431, 491
List the prime factors of 6047294084.
2, 13, 19, 1637, 3739
List the prime factors of 50163529.
13, 23, 167771
List the prime factors of 23018253.
3, 19, 403829
List the prime factors of 331071364.
2, 13, 2333, 2729
What are the prime factors of 1161502697?
1161502697
List the prime factors of 3752338261.
7, 536048323
List the prime factors of 66018056.
2, 13, 103, 6163
List the prime factors of 645586025.
5, 7, 79, 953
List the prime factors of 647663868.
2, 3, 19, 946877
What are the prime factors of 7121566306?
2, 3560783153
What are the prime factors of 63817009?
63817009
What are the prime factors of 75915396?
2, 3, 2108761
List the prime factors of 1181912723.
1181912723
List the prime factors of 119853045.
3, 5, 13, 19, 41, 263
What are the prime factors of 20659677?
3, 113, 60943
List the prime factors of 71353144.
2, 47, 109, 1741
What are the prime factors of 41621344?
2, 31, 41957
List the prime factors of 1699032614.
2, 849516307
List the prime factors of 485704066.
2, 242852033
List the prime factors of 475395598.
2, 237697799
List the prime factors of 148536575.
5, 11, 49103
What are the prime factors of 290264779?
7, 61, 13873
What are the prime factors of 9381473?
263, 35671
List the prime factors of 49390396.
2, 11, 179, 6271
What are the prime factors of 1115161194?
2, 3, 7, 26551457
List the prime factors of 5213292.
2, 3, 7, 53, 1171
What are the prime factors 